ase 8.
2
28 (base 16) to base 10
40
What is 50 (base 9) in base 15?
30
4 (base 10) to base 5
4
Convert -13 (base 9) to base 2.
-1100
What is 1 (base 13) in base 5?
1
14 (base 10) to base 16
e
What is -2 (base 15) in base 6?
-2
What is 3 (base 4) in base 3?
10
Convert 1211 (base 3) to base 13.
3a
Convert -3 (base 6) to base 7.
-3
34 (base 12) to base 2
101000
Convert -226 (base 9) to base 6.
-510
Convert 83 (base 13) to base 7.
212
-25 (base 16) to base 5
-122
Convert -11 (base 4) to base 5.
-10
What is 3 (base 16) in base 9?
3
What is -3a (base 14) in base 12?
-44
-13 (base 4) to base 15
-7
0 (base 9) to base 3
0
d (base 15) to base 8
15
Convert -3 (base 12) to base 8.
-3
What is 11 (base 16) in base 15?
12
What is 200 (base 9) in base 16?
a2
Convert -3 (base 16) to base 2.
-11
What is 0 (base 10) in base 15?
0
What is 6 (base 10) in base 16?
6
What is 20 (base 7) in base 10?
14
67 (base 8) to base 9
61
Convert -7 (base 12) to base 3.
-21
Convert 13 (base 12) to base 11.
14
11000 (base 2) to base 6
40
What is -3 (base 5) in base 4?
-3
Convert 8 (base 10) to base 9.
8
-3 (base 12) to base 8
-3
-211 (base 3) to base 4
-112
1 (base 8) to base 4
1
What is 166 (base 10) in base 3?
20011
-11100 (base 3) to base 11
-a7
What is -113 (base 10) in base 16?
-71
Convert 101 (base 2) to base 6.
5
3 (base 8) to base 4
3
Convert -21 (base 3) to base 14.
-7
What is 4 (base 15) in base 6?
4
27 (base 10) to base 5
102
What is -4 (base 15) in base 4?
-10
-6 (base 13) to base 9
-6
-4 (base 15) to base 12
-4
Convert 1 (base 13) to base 3.
1
2 (base 9) to base 2
10
What is 3 (base 8) in base 3?
10
Convert -7 (base 13) to base 4.
-13
What is -2 (base 16) in base 8?
-2
What is 54 (base 9) in base 11?
45
-355 (base 6) to base 3
-12022
-1 (base 16) to base 8
-1
Convert -c (base 16) to base 14.
-c
What is -21 (base 8) in base 9?
-18
-34 (base 9) to base 2
-11111
What is -2b (base 15) in base 3?
-1112
Convert -d (base 16) to base 7.
-16
What is -1 (base 12) in base 14?
-1
-52 (base 6) to base 3
-1012
Convert 112 (base 4) to base 8.
26
What is 1111 (base 7) in base 9?
484
0 (base 8) to base 6
0
10 (base 5) to base 7
5
What is 48 (base 15) in base 9?
75
0 (base 9) to base 14
0
Convert 340 (base 6) to base 5.
1012
Convert 2 (base 14) to base 6.
2
What is -3 (base 9) in base 15?
-3
Convert -7 (base 12) to base 16.
-7
Convert -23 (base 7) to base 14.
-13
Convert -7 (base 13) to base 10.
-7
2 (base 9) to base 14
2
Convert -1131 (base 6) to base 13.
-17b
-96 (base 10) to base 8
-140
Convert -213 (base 8) to base 15.
-94
What is -134 (base 9) in base 4?
-1300
41 (base 12) to base 10
49
-47 (base 14) to base 13
-4b
Convert -13 (base 4) to base 3.
-21
1221 (base 4) to base 7
210
Convert 11 (base 13) to base 15.
e
What is 2003 (base 4) in base 6?
335
What is a (base 11) in base 14?
a
0 (base 6) to base 16
0
What is 1011011 (base 2) in base 12?
77
What is -83 (base 13) in base 10?
-107
Convert 11 (base 3) to base 4.
10
10 (base 5) to base 3
12
Convert 304 (base 8) to base 3.
21021
Convert -542 (base 6) to base 7.
-413
What is 6 (base 15) in base 16?
6
What is -100 (base 4) in base 2?
-10000
What is 3 (base 12) in base 5?
3
Convert 5 (base 13) to base 5.
10
100 (base 8) to base 15
44
What is 123 (base 4) in base 9?
30
-2 (base 3) to base 10
-2
Convert -24 (base 14) to base 8.
-40
Convert 0 (base 11) to base 10.
0
Convert 0 (base 16) to base 12.
0
What is -5 (base 9) in base 6?
-5
2 (base 12) to base 9
2
What is 12 (base 3) in base 10?
5
What is 1 (base 11) in base 3?
1
38 (base 12) to base 2
101100
What is 34 (base 7) in base 14?
1b
Convert 0 (base 12) to base 10.
0
-19 (base 10) to base 13
-16
Convert -9 (base 14) to base 4.
-21
What is -5 (base 11) in base 3?
-12
Convert 2132 (base 4) to base 3.
12212
What is 0 (base 8) in base 3?
0
What is -36 (base 12) in base 4?
-222
3 (base 15) to base 2
11
What is -36 (base 7) in base 9?
-30
Convert 103 (base 5) to base 11.
26
What is 63 (base 12) in base 7?
135
105 (base 10) to base 14
77
What is -9 (base 14) in base 7?
-12
Convert 2 (base 6) to base 5.
2
Convert 124 (base 10) to base 5.
444
What is -3 (base 9) in base 13?
-3
Convert 49 (base 16) to base 4.
1021
5 (base 10) to base 12
5
What is -110 (base 5) in base 10?
-30
Convert -4 (base 8) to base 12.
-4
What is -100 (base 3) in base 14?
-9
21 (base 6) to base 2
1101
-6a (base 13) to base 5
-323
Convert -2c (base 13) to base 3.
-1102
-38 (base 9) to base 5
-120
31 (base 7) to base 6
34
Convert -1 (base 5) to base 10.
-1
What is 3 (base 16) in base 6?
3
Convert -6 (base 11) to base 5.
-11
-1120 (base 3) to base 7
-60
-30 (base 13) to base 4
-213
1221 (base 3) to base 15
37
-2 (base 3) to base 12
-2
What is 0 (base 4) in base 9?
0
11 (base 15) to base 8
20
1 (base 6) to base 12
1
Convert 1c (base 14) to base 4.
122
Convert 1 (base 7) to base 8.
1
Convert -5 (base 11) to base 15.
-5
-2 (base 6) to base 11
-2
10011 (base 2) to base 13
16
-74 (base 8) to base 6
-140
24 (base 7) to base 9
20
What is 28 (base 15) in base 9?
42
-7 (base 12) to base 3
-21
What is -4c (base 16) in base 8?
-114
-269 (base 12) to base 15
-199
30 (base 7) to base 13
18
3 (base 10) to base 5
3
9 (base 10) to base 8
11
What is -1030 (base 4) in base 9?
-84
What is 100000 (base 2) in base 14?
24
Convert -12 (base 11) to base 2.
-1101
Convert 1 (base 16) to base 5.
1
Convert -1 (base 6) to base 12.
-1
1100100 (base 2) to base 3
10201
Convert 2 (base 7) to base 8.
2
6 (base 8) to base 14
6
139 (base 11) to base 15
ad
Convert 4a (base 14) to base 10.
66
Convert 143 (base 11) to base 14.
c0
Convert -10b (base 14) to base 3.
-21200
0 (base 13) to base 11
0
What is -51 (base 16) in base 9?
-100
What is -2 (base 10) in base 7?
-2
-11 (base 2) to base 11
-3
What is -16 (base 9) in base 15?
-10
What is -1c (base 13) in base 6?
-41
-19 (base 15) to base 8
-30
Convert 1 (base 10) to base 5.
1
10 (base 8) to base 14
8
What is -8 (base 14) in base 4?
-20
16 (base 11) to base 13
14
-1 (base 13) to base 5
-1
Convert -40 (base 7) to base 14.
-20
Convert 22 (base 8) to base 11.
17
Convert -1 (base 4) to base 11.
-1
Convert -3 (base 6) to base 16.
-3
What is 2 (base 16) in base 7?
2
2 (base 10) to base 15
2
What is -9 (base 10) in base 16?
-9
Convert -1111 (base 2) to base 4.
-33
7 (base 11) to base 5
12
What is -1 (base 9) in base 5?
-1
6 (base 14) to base 7
6
What is -4 (base 14) in base 16?
-4
-1 (base 6) to base 12
-1
What is -2 (base 6) in base 14?
-2
Convert -67 (base 11) to base 4.
-1021
Convert -9 (base 14) to base 8.
-11
What is -15 (base 7) in base 13?
-c
-3a (base 11) to base 2
-101011
Convert 5 (base 15) to base 2.
101
Convert -32 (base 13) to base 15.
-2b
What is -2 (base 8) in base 10?
-2
Convert -1013 (base 6) to base 16.
-e1
9 (base 12) to base 16
9
What is 55 (base 13) in base 10?
70
What is 5 (base 6) in base 4?
11
-103 (base 4) to base 5
-34
Convert 4 (base 7) to base 12.
4
What is 21 (base 7) in base 10?
15
What is -2 (base 13) in base 10?
-2
-22 (base 5) to base 3
-110
Convert 11 (base 5) to base 9.
6
What is -110 (base 11) in base 6?
-340
Convert -20 (base 14) to base 8.
-34
Convert -45 (base 12) to base 4.
-311
What is 26 (base 7) in base 16?
14
Convert -3 (base 12) to base 4.
-3
55 (base 12) to base 15
45
What is 2 (base 16) in base 10?
2
-ab (base 14) to base 8
-227
What is -2 (base 13) in base 11?
-2
-1314 (base 5) to base 11
-180
-25 (base 11) to base 6
-43
Convert -22 (base 3) to base 11.
-8
Convert 4 (base 5) to base 12.
4
What is 4 (base 6) in base 10?
4
-1213 (base 4) to base 9
-124
70 (base 15) to base 5
410
Convert 8 (base 10) to base 14.
8
What is 3 (base 13) in base 10?
3
212 (base 5) to base 9
63
Convert -27 (base 10) to base 7.
-36
-10 (base 9) to base 14
-9
Convert 1 (base 3) to base 11.
1
Convert 121 (base 3) to base 13.
13
What is -1a7 (base 11) in base 10?
-238
-2 (base 6) to base 11
-2
What is -1d (base 15) in base 14?
-20
What is -2 (base 8) in base 9?
-2
What is -213 (base 5) in base 8?
-72
What is 0 (base 2) in base 5?
0
Convert -ca (base 13) to base 2.
-10100110
-170 (base 11) to base 6
-530
What is 3 (base 6) in base 3?
10
What is -19 (base 15) in base 5?
-44
Convert -8 (base 15) to base 14.
-8
What is 22 (base 14) in base 12?
26
What is 86 (base 10) in base 6?
222
What is -451 (base 6) 